{"id":1005,"date":"2023-01-03T14:10:53","date_gmt":"2023-01-03T14:10:53","guid":{"rendered":"http:\/\/iszipecs.hu\/wpiszipecs\/?page_id=1005"},"modified":"2026-01-30T09:42:53","modified_gmt":"2026-01-30T09:42:53","slug":"kezdolap","status":"publish","type":"page","link":"http:\/\/iszipecs.hu\/wpiszipecs\/","title":{"rendered":"K\u00f6sz\u00f6nt\u0151"},"content":{"rendered":"\n<figure class=\"wp-block-image size-full is-resized\"><img decoding=\"async\" loading=\"lazy\" src=\"http:\/\/iszipecs.hu\/wpiszipecs\/wp-content\/uploads\/2023\/06\/ISZI-logo.jpg\" alt=\"\" class=\"wp-image-1185\" width=\"313\" height=\"313\" aria-hidden=\"true\" srcset=\"http:\/\/iszipecs.hu\/wpiszipecs\/wp-content\/uploads\/2023\/06\/ISZI-logo.jpg 200w, http:\/\/iszipecs.hu\/wpiszipecs\/wp-content\/uploads\/2023\/06\/ISZI-logo-150x150.jpg 150w\" sizes=\"(max-width: 313px) 100vw, 313px\" \/><\/figure>\n\n\n\n<p><\/p>\n\n\n\n<p><em>K\u00f6sz\u00f6nj\u00fck, hogy \u00e9rdekl\u0151d\u00e9s\u00e9vel megtisztelt minket \u00e9s engedje meg, hogy ismertess\u00fck \u00e9s bemutassuk \u00d6nnek az int\u00e9zm\u00e9nyt.<\/em><\/p>\n\n\n\n<p>Az int\u00e9zm\u00e9ny k\u00e9t telephelyen m\u0171k\u00f6dik:<\/p>\n\n\n\n<ol>\n<li>7633 P\u00e9cs Zipernowsky u.1.&nbsp; &nbsp; &nbsp; &nbsp; &nbsp; &nbsp; &nbsp; &nbsp;17 f\u00e9r\u0151hellyel<\/li>\n\n\n\n<li>7623 P\u00e9cs, T\u00fcz\u00e9r utca 7. &nbsp; &nbsp; &nbsp; &nbsp; &nbsp; &nbsp; &nbsp; &nbsp; &nbsp; &nbsp; 50 f\u00e9r\u0151hellyel<\/li>\n<\/ol>\n\n\n\n<p><strong>A tev\u00e9kenys\u00e9g megnevez\u00e9se: <\/strong>\u00c1pol\u00e1st-gondoz\u00e1st ny\u00fajt\u00f3 tart\u00f3s bentlak\u00e1st biztos\u00edt\u00f3 szoci\u00e1lis ell\u00e1t\u00e1s, demens betegek ell\u00e1t\u00e1sa.<\/p>\n\n\n\n<p><strong>P\u00e9csi lakc\u00edm vagy p\u00e9csi tart\u00f3zkod\u00e1si hely sz\u00fcks\u00e9ges a felv\u00e9telhez!<\/strong><\/p>\n\n\n\n<p><strong>Az int\u00e9zm\u00e9ny c\u00e9lja \u00e9s feladata<\/strong>, hogy ell\u00e1tottai sz\u00e1m\u00e1ra b\u00e9k\u00e9s, nyugodt otthont, fizikai \u00e9s eg\u00e9szs\u00e9g\u00fcgyi ell\u00e1t\u00e1st biztos\u00edtson, valamint pszich\u00e9s gondoz\u00e1st, c\u00e9lszer\u0171 \u00e9s hasznos id\u0151t\u00f6lt\u00e9st, kikapcsol\u00f3d\u00e1st, foglalkoz\u00e1st szervezzen, a k\u00f6z\u00f6ss\u00e9gi \u00e9letet megteremtse.<\/p>\n\n\n\n<p><strong>Az int\u00e9zm\u00e9nybe val\u00f3 beker\u00fcl\u00e9s<\/strong> \u00f6nk\u00e9ntesen, k\u00e9relemre t\u00f6rt\u00e9nik (az ell\u00e1t\u00e1st ig\u00e9nyl\u0151, illetve a t\u00f6rv\u00e9nyes k\u00e9pvisel\u0151 k\u00e9relm\u00e9re). Az id\u0151sek otthon\u00e1ba nem vehet\u0151 fel csak az a szem\u00e9ly, akinek <strong>gondoz\u00e1si sz\u00fcks\u00e9glete a napi 4 \u00f3r\u00e1t meghaladja vagy szakorvos a demencia k\u00f6z\u00e9ps\u00falyos-s\u00falyos k\u00f3rk\u00e9p\u00e9t \u00e1llap\u00edtja meg.<\/strong><\/p>\n\n\n\n<p><strong>Beker\u00fcl\u00e9s m\u00f3dja:<\/strong><\/p>\n\n\n\n<ul>\n<li><strong>K\u00e9relem<\/strong> \/adatlap\/ \u00e9s mell\u00e9kleteinek bek\u00fcld\u00e9se az int\u00e9zm\u00e9nybe<\/li>\n\n\n\n<li>\u00c9rtes\u00edt\u00e9s k\u00e9relem nyilv\u00e1ntart\u00e1sba v\u00e9tel\u00e9r\u0151l, el\u0151gondoz\u00e1sr\u00f3l (ezt a k\u00e9relmez\u0151 postai \u00faton kapja meg)<\/li>\n\n\n\n<li>Pozit\u00edv elb\u00edr\u00e1l\u00e1s eset\u00e9n ezen id\u0151pontt\u00f3l a k\u00e9relmez\u0151b\u0151l v\u00e1rakoz\u00f3 lesz<\/li>\n\n\n\n<li>F\u00e9r\u0151hely eset\u00e9n telefonon \u00e9rtes\u00edtj\u00fck v\u00e1rakoz\u00f3nkat, amennyiben elfogadja, a felk\u00edn\u00e1lt helyet 8 napon bel\u00fcl el kell foglalnia.<\/li>\n\n\n\n<li>A bek\u00f6lt\u00f6z\u00e9s id\u0151pontj\u00e1ban az int\u00e9zm\u00e9ny meg\u00e1llapod\u00e1st k\u00f6t az \u00e9rintettel, amely tartalmazza az ell\u00e1t\u00e1s id\u0151tartam\u00e1t, a szolg\u00e1ltat\u00e1sok form\u00e1j\u00e1t, m\u00f3dj\u00e1t, k\u00f6r\u00e9t \u00e9s a fizet\u00e9si k\u00f6telezetts\u00e9g szab\u00e1lyait.<\/li>\n<\/ul>\n\n\n\n<p><strong>Int\u00e9zm\u00e9ny\u00fcnkben az al\u00e1bbi t\u00e1rgyi felt\u00e9teleket biztos\u00edtjuk:<\/strong><\/p>\n\n\n\n<ul>\n<li>Az ell\u00e1tottak elhelyez\u00e9se 2, 3 illetve 4 \u00e1gyas szob\u00e1kban t\u00f6rt\u00e9nik.<\/li>\n\n\n\n<li>K\u00f6z\u00f6s haszn\u00e1lat\u00fa nemenk\u00e9nti f\u00fcrd\u0151szoba, WC.<\/li>\n\n\n\n<li>A jogszab\u00e1lyi k\u00f6telezetts\u00e9gnek megfelel\u0151en valamennyi lakr\u00e9sz megfelel az akad\u00e1lymentes k\u00f6rnyezet felt\u00e9teleinek. Minden lak\u00f3szob\u00e1ban \u00e9s k\u00f6z\u00f6ss\u00e9gi helys\u00e9gben a biztons\u00e1gos mozg\u00e1st seg\u00edt\u0151 kapaszkod\u00f3k, r\u00e1mp\u00e1k, k\u00fcsz\u00f6bn\u00e9lk\u00fcli k\u00f6zleked\u0151terek ker\u00fcltek kialak\u00edt\u00e1sra.<\/li>\n\n\n\n<li>A szintek k\u00f6z\u00f6tti k\u00f6zleked\u00e9st lift seg\u00edti.<\/li>\n<\/ul>\n\n\n\n<p><strong>Az Otthon a k\u00f6vetkez\u0151 szolg\u00e1ltat\u00e1sokat ny\u00fajtja:<\/strong><\/p>\n\n\n\n<ul>\n<li>lakhat\u00e1s, f\u0171t\u00e9s, melegv\u00edz ell\u00e1t\u00e1s<\/li>\n\n\n\n<li>napi h\u00e1romszori f\u0151\u00e9tkez\u00e9s, di\u00e9ta eset\u00e9n napi \u00f6tsz\u00f6ri \u00e9tkez\u00e9s<\/li>\n\n\n\n<li>sz\u00fcks\u00e9g szerint ruh\u00e1val, text\u00edli\u00e1val val\u00f3 ell\u00e1t\u00e1s \u00e9s annak mos\u00e1sa, vasal\u00e1sa, jav\u00edt\u00e1sa a H\u00c1ZIREND-ben le\u00edrtak szerint.<\/li>\n\n\n\n<li>h\u00e1ziorvosi ell\u00e1t\u00e1s, pszichi\u00e1triai szakorvos ell\u00e1t\u00e1s<\/li>\n\n\n\n<li>24 \u00f3r\u00e1s \u00e1pol\u00f3i fel\u00fcgyelet<\/li>\n\n\n\n<li>gy\u00f3gyszerell\u00e1t\u00e1s az int\u00e9zm\u00e9nyi h\u00e1ziorvos \u00e1ltal jogszab\u00e1lyban k\u00f6telez\u0151en r\u00f6gz\u00edtett alapgy\u00f3gyszer lista szerint<\/li>\n\n\n\n<li>gy\u00f3gyszerek, \u00e9s egy\u00e9b patikai szerek, gy\u00f3gy\u00e1szati seg\u00e9deszk\u00f6z\u00f6k beszerz\u00e9se<\/li>\n\n\n\n<li>gy\u00f3gytorna, mozg\u00e1ster\u00e1pi\u00e1s seg\u00edts\u00e9g a szakorvos \u00e1ltal javasolt m\u00e9rt\u00e9kig<\/li>\n\n\n\n<li>gondoskodik a lak\u00f3 eg\u00e9szs\u00e9g\u00fcgyi \u00e9s ment\u00e1lhigi\u00e9n\u00e9s ell\u00e1t\u00e1s\u00e1r\u00f3l, a szabadid\u0151 kultur\u00e1lt elt\u00f6lt\u00e9s\u00e9r\u0151l<\/li>\n\n\n\n<li>biztos\u00edtja a szabad vall\u00e1sgyakorl\u00e1st<\/li>\n\n\n\n<li>a szabad t\u00e1voz\u00e1st \u00e9s visszat\u00e9r\u00e9st az int\u00e9zm\u00e9nybe (az int\u00e9zm\u00e9ny h\u00e1zirendje szab\u00e1lyai szerint)<\/li>\n<\/ul>\n\n\n\n<p><strong>K\u00fcl\u00f6n t\u00e9r\u00edt\u00e9s ellen\u00e9ben ig\u00e9nybe vehet\u0151 szolg\u00e1ltat\u00e1sok:<\/strong><\/p>\n\n\n\n<ul>\n<li>n\u0151i-f\u00e9rfi fodr\u00e1szat (k\u00fcl\u00f6n ig\u00e9nyek pl fest\u00e9s,. .),<\/li>\n\n\n\n<li>manik\u0171r-pedik\u0171r<\/li>\n\n\n\n<li>k\u00e1v\u00e9<\/li>\n\n\n\n<li>egy\u00e9ni ig\u00e9nyek<\/li>\n<\/ul>\n\n\n\n<p><strong>Az ismertet\u0151ben azokat az inform\u00e1ci\u00f3kat gy\u0171jt\u00f6tt\u00fck \u00f6ssze, amelyek seg\u00edtik a d\u00f6nt\u00e9st megel\u0151z\u0151 t\u00e1j\u00e9koz\u00f3d\u00e1st, int\u00e9zm\u00e9ny\u00fcnk el\u0151zetes egyeztet\u00e9s ut\u00e1n lehet\u0151s\u00e9get biztos\u00edt az int\u00e9zm\u00e9ny megtekint\u00e9s\u00e9re.<\/strong> Tudjuk \u00e9s \u00e1t\u00e9rezz\u00fck, hogy bizonyos esetekben az elhelyez\u00e9s val\u00f3ban s\u00fcrg\u0151s mind a gondozott, mind a csal\u00e1d r\u00e9sz\u00e9r\u0151l. Ez\u00e9rt is rendk\u00edv\u00fcl fontos, a k\u00e9relem miel\u0151bbi bead\u00e1sa.<\/p>\n\n\n\n<p><strong>A t\u00e1j\u00e9koztat\u00f3ban nem r\u00e9szletezett, felmer\u00fcl\u0151 k\u00e9rd\u00e9seire sz\u00edvesen v\u00e1laszolunk a munkat\u00e1rsaimmal.<\/strong><\/p>\n\n\n\n<p><strong>Hartmann Adrienn adminisztr\u00e1tor: &nbsp;30\/278-7423<\/strong><\/p>\n\n\n\n<p><strong>Forduljon hozz\u00e1nk bizalommal.<\/strong><\/p>\n\n\n\n<p>Vene-Hal\u00e1sz Rita<\/p>\n\n\n\n<p>igazgat\u00f3<\/p>\n\n\n\n<p><\/p>\n","protected":false},"excerpt":{"rendered":"<p>K\u00f6sz\u00f6nj\u00fck, hogy \u00e9rdekl\u0151d\u00e9s\u00e9vel megtisztelt minket \u00e9s engedje meg, hogy ismertess\u00fck \u00e9s bemutassuk \u00d6nnek az int\u00e9zm\u00e9nyt. Az int\u00e9zm\u00e9ny k\u00e9t telephelyen m\u0171k\u00f6dik: A tev\u00e9kenys\u00e9g [&hellip;]<\/p>\n","protected":false},"author":1,"featured_media":0,"parent":0,"menu_order":0,"comment_status":"closed","ping_status":"closed","template":"","meta":[],"_links":{"self":[{"href":"http:\/\/iszipecs.hu\/wpiszipecs\/index.php?rest_route=\/wp\/v2\/pages\/1005"}],"collection":[{"href":"http:\/\/iszipecs.hu\/wpiszipecs\/index.php?rest_route=\/wp\/v2\/pages"}],"about":[{"href":"http:\/\/iszipecs.hu\/wpiszipecs\/index.php?rest_route=\/wp\/v2\/types\/page"}],"author":[{"embeddable":true,"href":"http:\/\/iszipecs.hu\/wpiszipecs\/index.php?rest_route=\/wp\/v2\/users\/1"}],"replies":[{"embeddable":true,"href":"http:\/\/iszipecs.hu\/wpiszipecs\/index.php?rest_route=%2Fwp%2Fv2%2Fcomments&post=1005"}],"version-history":[{"count":16,"href":"http:\/\/iszipecs.hu\/wpiszipecs\/index.php?rest_route=\/wp\/v2\/pages\/1005\/revisions"}],"predecessor-version":[{"id":1319,"href":"http:\/\/iszipecs.hu\/wpiszipecs\/index.php?rest_route=\/wp\/v2\/pages\/1005\/revisions\/1319"}],"wp:attachment":[{"href":"http:\/\/iszipecs.hu\/wpiszipecs\/index.php?rest_route=%2Fwp%2Fv2%2Fmedia&parent=1005"}],"curies":[{"name":"wp","href":"https:\/\/api.w.org\/{rel}","templated":true}]}}

Köszöntő

<figure class="wp-block-image size-full is-resized"><img decoding="async" loading="lazy" src="http://iszipecs.hu/wpiszipecs/wp-content/uploads/2023/06/ISZI-logo.jpg" alt="" class="wp-image-1185" width="313" height="313" aria-hidden="true" srcset="http://iszipecs.hu/wpiszipecs/wp-content/uploads/2023/06/ISZI-logo.jpg 200w, http://iszipecs.hu/wpiszipecs/wp-content/uploads/2023/06/ISZI-logo-150x150.jpg 150w" sizes="(max-width: 313px) 100vw, 313px" /></figure>



<p></p>



<p><em>Köszönjük, hogy érdeklődésével megtisztelt minket és engedje meg, hogy ismertessük és bemutassuk Önnek az intézményt.</em></p>



<p>Az intézmény két telephelyen működik:</p>



<ol>
<li>7633 Pécs Zipernowsky u.1.&nbsp; &nbsp; &nbsp; &nbsp; &nbsp; &nbsp; &nbsp; &nbsp;17 férőhellyel</li>



<li>7623 Pécs, Tüzér utca 7. &nbsp; &nbsp; &nbsp; &nbsp; &nbsp; &nbsp; &nbsp; &nbsp; &nbsp; &nbsp; 50 férőhellyel</li>
</ol>



<p><strong>A tevékenység megnevezése: </strong>Ápolást-gondozást nyújtó tartós bentlakást biztosító szociális ellátás, demens betegek ellátása.</p>



<p><strong>Pécsi lakcím vagy pécsi tartózkodási hely szükséges a felvételhez!</strong></p>



<p><strong>Az intézmény célja és feladata</strong>, hogy ellátottai számára békés, nyugodt otthont, fizikai és egészségügyi ellátást biztosítson, valamint pszichés gondozást, célszerű és hasznos időtöltést, kikapcsolódást, foglalkozást szervezzen, a közösségi életet megteremtse.</p>



<p><strong>Az intézménybe való bekerülés</strong> önkéntesen, kérelemre történik (az ellátást igénylő, illetve a törvényes képviselő kérelmére). Az idősek otthonába nem vehető fel csak az a személy, akinek <strong>gondozási szükséglete a napi 4 órát meghaladja vagy szakorvos a demencia középsúlyos-súlyos kórképét állapítja meg.</strong></p>



<p><strong>Bekerülés módja:</strong></p>



<ul>
<li><strong>Kérelem</strong> /adatlap/ és mellékleteinek beküldése az intézménybe</li>



<li>Értesítés kérelem nyilvántartásba vételéről, előgondozásról (ezt a kérelmező postai úton kapja meg)</li>



<li>Pozitív elbírálás esetén ezen időponttól a kérelmezőből várakozó lesz</li>



<li>Férőhely esetén telefonon értesítjük várakozónkat, amennyiben elfogadja, a felkínált helyet 8 napon belül el kell foglalnia.</li>



<li>A beköltözés időpontjában az intézmény megállapodást köt az érintettel, amely tartalmazza az ellátás időtartamát, a szolgáltatások formáját, módját, körét és a fizetési kötelezettség szabályait.</li>
</ul>



<p><strong>Intézményünkben az alábbi tárgyi feltételeket biztosítjuk:</strong></p>



<ul>
<li>Az ellátottak elhelyezése 2, 3 illetve 4 ágyas szobákban történik.</li>



<li>Közös használatú nemenkénti fürdőszoba, WC.</li>



<li>A jogszabályi kötelezettségnek megfelelően valamennyi lakrész megfelel az akadálymentes környezet feltételeinek. Minden lakószobában és közösségi helységben a biztonságos mozgást segítő kapaszkodók, rámpák, küszöbnélküli közlekedőterek kerültek kialakításra.</li>



<li>A szintek közötti közlekedést lift segíti.</li>
</ul>



<p><strong>Az Otthon a következő szolgáltatásokat nyújtja:</strong></p>



<ul>
<li>lakhatás, fűtés, melegvíz ellátás</li>



<li>napi háromszori főétkezés, diéta esetén napi ötszöri étkezés</li>



<li>szükség szerint ruhával, textíliával való ellátás és annak mosása, vasalása, javítása a HÁZIREND-ben leírtak szerint.</li>



<li>háziorvosi ellátás, pszichiátriai szakorvos ellátás</li>



<li>24 órás ápolói felügyelet</li>



<li>gyógyszerellátás az intézményi háziorvos által jogszabályban kötelezően rögzített alapgyógyszer lista szerint</li>



<li>gyógyszerek, és egyéb patikai szerek, gyógyászati segédeszközök beszerzése</li>



<li>gyógytorna, mozgásterápiás segítség a szakorvos által javasolt mértékig</li>



<li>gondoskodik a lakó egészségügyi és mentálhigiénés ellátásáról, a szabadidő kulturált eltöltéséről</li>



<li>biztosítja a szabad vallásgyakorlást</li>



<li>a szabad távozást és visszatérést az intézménybe (az intézmény házirendje szabályai szerint)</li>
</ul>



<p><strong>Külön térítés ellenében igénybe vehető szolgáltatások:</strong></p>



<ul>
<li>női-férfi fodrászat (külön igények pl festés,. .),</li>



<li>manikűr-pedikűr</li>



<li>kávé</li>



<li>egyéni igények</li>
</ul>



<p><strong>Az ismertetőben azokat az információkat gyűjtöttük össze, amelyek segítik a döntést megelőző tájékozódást, intézményünk előzetes egyeztetés után lehetőséget biztosít az intézmény megtekintésére.</strong> Tudjuk és átérezzük, hogy bizonyos esetekben az elhelyezés valóban sürgős mind a gondozott, mind a család részéről. Ezért is rendkívül fontos, a kérelem mielőbbi beadása.</p>



<p><strong>A tájékoztatóban nem részletezett, felmerülő kérdéseire szívesen válaszolunk a munkatársaimmal.</strong></p>



<p><strong>Hartmann Adrienn adminisztrátor: &nbsp;30/278-7423</strong></p>



<p><strong>Forduljon hozzánk bizalommal.</strong></p>



<p>Vene-Halász Rita</p>



<p>igazgató</p>



<p></p>

<p>Köszönjük, hogy érdeklődésével megtisztelt minket és engedje meg, hogy ismertessük és bemutassuk Önnek az intézményt. Az intézmény két telephelyen működik: A tevékenység [&hellip;]</p>
