{"id":1081,"date":"2023-01-04T14:05:18","date_gmt":"2023-01-04T14:05:18","guid":{"rendered":"http:\/\/iszipecs.hu\/wpiszipecs\/?page_id=1081"},"modified":"2024-09-23T08:31:17","modified_gmt":"2024-09-23T08:31:17","slug":"akadalymentesitesi-nyilatkozat","status":"publish","type":"page","link":"http:\/\/iszipecs.hu\/wpiszipecs\/?page_id=1081","title":{"rendered":"Akad\u00e1lymentes\u00edt\u00e9si nyilatkozat"},"content":{"rendered":"\n<p><strong>P\u00e9cs Megyei Jog\u00fa V\u00e1ros Id\u0151skor\u00faak Szoci\u00e1lis Int\u00e9zm\u00e9ny<\/strong>e elk\u00f6telezett amellett, hogy honlapj\u00e1t a k\u00f6zszf\u00e9rabeli szervezetek honlapjainak \u00e9s mobilalkalmaz\u00e1sainak akad\u00e1lymentes\u00edt\u00e9s\u00e9r\u0151l sz\u00f3l\u00f3 2018. \u00e9vi LXXV. t\u00f6rv\u00e9ny szerint akada\u0301lymentess\u00e9 tegye.<\/p>\n\n\n\n<p>Ezen akada\u0301lymentesi\u0301te\u0301si nyilatkozat az iszipecs.hu-ra vonatkozik.<\/p>\n\n\n\n<p><strong>MEGFELEL\u0150S\u00c9GI ST\u00c1TUSZ<\/strong><\/p>\n\n\n\n<p>Ez a honlap teljes m\u00e9rt\u00e9kben megfelel a k\u00f6zszf\u00e9rabeli szervezetek honlapjainak \u00e9s mobilalkalmaz\u00e1sainak akad\u00e1lymentes\u00edt\u00e9s\u00e9r\u0151l sz\u00f3l\u00f3 2018. \u00e9vi LXXV. t\u00f6rv\u00e9nynek.<\/p>\n\n\n\n<p><strong>AZ AKADA\u0301LYMENTESI\u0301TE\u0301SI NYILATKOZAT ELK\u00c9SZ\u00cdT\u00c9SE<\/strong><\/p>\n\n\n\n<p>E nyilatkozat 2022.12.01-\u00e9n k\u00e9sz\u00fclt.<\/p>\n\n\n\n<p><strong>VISSZAJELZ\u00c9S \u00c9S EL\u00c9RHET\u0150S\u00c9GEK<\/strong><\/p>\n\n\n\n<p>Az akad\u00e1lymentesi\u0301t\u00e9ssel kapcsolatos \u00e9szrev\u00e9teleket, k\u00e9rd\u00e9seket a admin@iszipecs.hu e-mail-ci\u0301mre lehet elk\u00fcldeni.<\/p>\n\n\n\n<p><strong>Az akada\u0301lymentesi\u0301te\u0301se\u0301rt \u00e9s a k\u00e9r\u00e9sek feldolgoz\u00e1s\u00e9rt felel\u0151s: <br><\/strong>Vene-Hal\u00e1sz Rita Igazgat\u00f3<\/p>\n\n\n\n<p><strong>V\u00c9GREHAJT\u00c1SI ELJ\u00c1R\u00c1S<\/strong><\/p>\n\n\n\n<p>A k\u00f6zszf\u00e9rabeli szervezetek honlapjainak \u00e9s mobilalkalmaz\u00e1sainak akad\u00e1lymentes\u00edt\u00e9s\u00e9r\u0151l sz\u00f3l\u00f3 2018. \u00e9vi LXXV. t\u00f6rv\u00e9nyben foglalt k\u00f6telezetts\u00e9gek teljes\u00edt\u00e9se ellen\u0151rz\u00e9s\u00e9nek r\u00e9szletes szab\u00e1lyair\u00f3l sz\u00f3l\u00f3 162\/2019. (VII. 5.) Korm. rendelet 4. \u00a7-a lehet\u0151s\u00e9g\u00e9t ad a v\u00e9grehajt\u00e1si elj\u00e1r\u00e1s ig\u00e9nybe v\u00e9tel\u00e9re abban az esetben, ha a felhaszn\u00e1l\u00f3 a visszajelz\u00e9si elj\u00e1r\u00e1sban nem, vagy nem kiel\u00e9g\u00edt\u0151 v\u00e1laszt kap a k\u00f6zszf\u00e9rabeli szervezett\u0151l.<\/p>\n\n\n\n<p>A v\u00e9grehajt\u00e1si elj\u00e1r\u00e1s lefolytat\u00e1s\u00e1\u00e9rt a Korm\u00e1nyzati Informatikai Fejleszt\u00e9si \u00dcgyn\u00f6ks\u00e9g felel\u0151s.<\/p>\n\n\n\n<p>A felhaszn\u00e1l\u00f3 a bejelent\u00e9st a Korm\u00e1nyzati Informatikai Fejleszt\u00e9si \u00dcgyn\u00f6ks\u00e9g r\u00e9sz\u00e9re az <a href=\"mailto:ugyfelszolgalat@kifu.hu\" target=\"_blank\" rel=\"noreferrer noopener\">ugyfelszolgalat@kifu.hu<\/a> e-mail c\u00edmen kereszt\u00fcl teheti meg. A bejelent\u00e9s alapj\u00e1n indult elj\u00e1r\u00e1sban a Korm\u00e1nyzati Informatikai Fejleszt\u00e9si \u00dcgyn\u00f6ks\u00e9g a honlapot vagy mobilalkalmaz\u00e1st ellen\u0151rz\u00e9s al\u00e1 vonja, \u00e9s ennek eredm\u00e9ny\u00e9r\u0151l 60 napon bel\u00fcl t\u00e1j\u00e9koztatja a bejelent\u0151t.<\/p>\n\n\n\n<p><strong>Jelen akad\u00e1lymentes\u00edt\u00e9si nyilatkozatot j\u00f3v\u00e1hagyta<\/strong><br>Vene-Hal\u00e1sz Rita Igazgat\u00f3<\/p>\n","protected":false},"excerpt":{"rendered":"<p>P\u00e9cs Megyei Jog\u00fa V\u00e1ros Id\u0151skor\u00faak Szoci\u00e1lis Int\u00e9zm\u00e9nye elk\u00f6telezett amellett, hogy honlapj\u00e1t a k\u00f6zszf\u00e9rabeli szervezetek honlapjainak \u00e9s mobilalkalmaz\u00e1sainak akad\u00e1lymentes\u00edt\u00e9s\u00e9r\u0151l sz\u00f3l\u00f3 2018. \u00e9vi LXXV. [&hellip;]<\/p>\n","protected":false},"author":1,"featured_media":0,"parent":0,"menu_order":0,"comment_status":"closed","ping_status":"closed","template":"","meta":[],"_links":{"self":[{"href":"http:\/\/iszipecs.hu\/wpiszipecs\/index.php?rest_route=\/wp\/v2\/pages\/1081"}],"collection":[{"href":"http:\/\/iszipecs.hu\/wpiszipecs\/index.php?rest_route=\/wp\/v2\/pages"}],"about":[{"href":"http:\/\/iszipecs.hu\/wpiszipecs\/index.php?rest_route=\/wp\/v2\/types\/page"}],"author":[{"embeddable":true,"href":"http:\/\/iszipecs.hu\/wpiszipecs\/index.php?rest_route=\/wp\/v2\/users\/1"}],"replies":[{"embeddable":true,"href":"http:\/\/iszipecs.hu\/wpiszipecs\/index.php?rest_route=%2Fwp%2Fv2%2Fcomments&post=1081"}],"version-history":[{"count":9,"href":"http:\/\/iszipecs.hu\/wpiszipecs\/index.php?rest_route=\/wp\/v2\/pages\/1081\/revisions"}],"predecessor-version":[{"id":1207,"href":"http:\/\/iszipecs.hu\/wpiszipecs\/index.php?rest_route=\/wp\/v2\/pages\/1081\/revisions\/1207"}],"wp:attachment":[{"href":"http:\/\/iszipecs.hu\/wpiszipecs\/index.php?rest_route=%2Fwp%2Fv2%2Fmedia&parent=1081"}],"curies":[{"name":"wp","href":"https:\/\/api.w.org\/{rel}","templated":true}]}}

Akadálymentesítési nyilatkozat

<p><strong>Pécs Megyei Jogú Város Időskorúak Szociális Intézmény</strong>e elkötelezett amellett, hogy honlapját a közszférabeli szervezetek honlapjainak és mobilalkalmazásainak akadálymentesítéséről szóló 2018. évi LXXV. törvény szerint akadálymentessé tegye.</p>



<p>Ezen akadálymentesítési nyilatkozat az iszipecs.hu-ra vonatkozik.</p>



<p><strong>MEGFELELŐSÉGI STÁTUSZ</strong></p>



<p>Ez a honlap teljes mértékben megfelel a közszférabeli szervezetek honlapjainak és mobilalkalmazásainak akadálymentesítéséről szóló 2018. évi LXXV. törvénynek.</p>



<p><strong>AZ AKADÁLYMENTESÍTÉSI NYILATKOZAT ELKÉSZÍTÉSE</strong></p>



<p>E nyilatkozat 2022.12.01-én készült.</p>



<p><strong>VISSZAJELZÉS ÉS ELÉRHETŐSÉGEK</strong></p>



<p>Az akadálymentesítéssel kapcsolatos észrevételeket, kérdéseket a admin@iszipecs.hu e-mail-címre lehet elküldeni.</p>



<p><strong>Az akadálymentesítésért és a kérések feldolgozásért felelős: <br></strong>Vene-Halász Rita Igazgató</p>



<p><strong>VÉGREHAJTÁSI ELJÁRÁS</strong></p>



<p>A közszférabeli szervezetek honlapjainak és mobilalkalmazásainak akadálymentesítéséről szóló 2018. évi LXXV. törvényben foglalt kötelezettségek teljesítése ellenőrzésének részletes szabályairól szóló 162/2019. (VII. 5.) Korm. rendelet 4. §-a lehetőségét ad a végrehajtási eljárás igénybe vételére abban az esetben, ha a felhasználó a visszajelzési eljárásban nem, vagy nem kielégítő választ kap a közszférabeli szervezettől.</p>



<p>A végrehajtási eljárás lefolytatásáért a Kormányzati Informatikai Fejlesztési Ügynökség felelős.</p>



<p>A felhasználó a bejelentést a Kormányzati Informatikai Fejlesztési Ügynökség részére az <a href="mailto:ugyfelszolgalat@kifu.hu" target="_blank" rel="noreferrer noopener">ugyfelszolgalat@kifu.hu</a> e-mail címen keresztül teheti meg. A bejelentés alapján indult eljárásban a Kormányzati Informatikai Fejlesztési Ügynökség a honlapot vagy mobilalkalmazást ellenőrzés alá vonja, és ennek eredményéről 60 napon belül tájékoztatja a bejelentőt.</p>



<p><strong>Jelen akadálymentesítési nyilatkozatot jóváhagyta</strong><br>Vene-Halász Rita Igazgató</p>

<p>Pécs Megyei Jogú Város Időskorúak Szociális Intézménye elkötelezett amellett, hogy honlapját a közszférabeli szervezetek honlapjainak és mobilalkalmazásainak akadálymentesítéséről szóló 2018. évi LXXV. [&hellip;]</p>
