{"id":13,"date":"2015-07-14T07:33:38","date_gmt":"2015-07-14T07:33:38","guid":{"rendered":"http:\/\/iszipecs.hu\/wpiszipecs\/?page_id=13"},"modified":"2023-01-04T10:06:22","modified_gmt":"2023-01-04T10:06:22","slug":"koszontjuk-latogatoinkat-pecs-megyei-jogu-varos-onkormanyzat-integralt-szocialis-intezmeny-honlapjan","status":"publish","type":"page","link":"http:\/\/iszipecs.hu\/wpiszipecs\/?page_id=13","title":{"rendered":"Alap\u00edtv\u00e1ny"},"content":{"rendered":"<h1 style=\"text-align: center;\"><img decoding=\"async\" loading=\"lazy\" class=\"alignnone wp-image-570 size-medium\" src=\"http:\/\/iszipecs.hu\/wpiszipecs\/wp-content\/uploads\/2018\/01\/N\u00e9vtelen-300x181.png\" alt=\"\" width=\"300\" height=\"181\" srcset=\"http:\/\/iszipecs.hu\/wpiszipecs\/wp-content\/uploads\/2018\/01\/N\u00e9vtelen-300x181.png 300w, http:\/\/iszipecs.hu\/wpiszipecs\/wp-content\/uploads\/2018\/01\/N\u00e9vtelen-550x332.png 550w, http:\/\/iszipecs.hu\/wpiszipecs\/wp-content\/uploads\/2018\/01\/N\u00e9vtelen-230x139.png 230w, http:\/\/iszipecs.hu\/wpiszipecs\/wp-content\/uploads\/2018\/01\/N\u00e9vtelen.png 748w\" sizes=\"(max-width: 300px) 100vw, 300px\" \/><\/h1>\n<p><strong>Int\u00e9zm\u00e9ny\u00fcnk munk\u00e1j\u00e1t, szolg\u00e1ltat\u00e1sainkat, 2 Alap\u00edtv\u00e1ny m\u0171k\u00f6d\u00e9se seg\u00edti, mint a sz\u00e9khelyen, mint a telephelyen.<\/strong><\/p>\n<p style=\"text-align: center;\"><strong>Sz\u00e9khely: 7633 P\u00e9cs Zipernowsky K.u.1.<\/strong><\/p>\n<p><strong>Az Alap\u00edtv\u00e1ny neve:<\/strong>\u00a0\u00a0\u00a0\u00a0\u00a0\u00a0\u00a0\u00a0\u00a0\u00a0\u00a0\u00a0\u00a0\u00a0\u00a0 Szoci\u00e1lis Gondoz\u00e1s\u00e9rt Alap\u00edtv\u00e1ny<\/p>\n<p><strong>Az Alap\u00edtv\u00e1ny sz\u00e9khelye:<\/strong>\u00a0\u00a0\u00a0\u00a0\u00a0\u00a0\u00a0 7633, P\u00e9cs Zipernowsky K.u.1.<\/p>\n<p style=\"text-align: justify;\"><strong>\u00a0<\/strong><strong>Az Alap\u00edtv\u00e1ny jogi szem\u00e9lyis\u00e9ge:<\/strong> Az Alap\u00edtv\u00e1ny jogi szem\u00e9ly. Az Alap\u00edtv\u00e1nyt a Baranya Megyei B\u00edr\u00f3s\u00e1g Pk.20.988\/1992\/4. sz\u00e1m\u00fa v\u00e9gz\u00e9s\u00e9vel 445 sorsz\u00e1m alatt vette a b\u00edr\u00f3s\u00e1gi nyilv\u00e1ntart\u00e1sba.<\/p>\n<p style=\"text-align: justify;\"><strong>\u00a0<\/strong><strong>Az Alap\u00edtv\u00e1ny c\u00e9lja:<\/strong><\/p>\n<p style=\"text-align: justify;\">Az Alap\u00edtv\u00e1ny els\u0151dleges c\u00e9lja az int\u00e9zeti szoci\u00e1lis ell\u00e1t\u00e1s \u00e9s a ter\u00fcleti szoci\u00e1lis gondoz\u00e1s eszk\u00f6zrendszer\u00e9nek b\u0151v\u00edt\u00e9se, a korszer\u0171 \u00e1pol\u00e1shoz sz\u00fcks\u00e9ges eszk\u00f6z\u00f6k, anyagok beszerz\u00e9s\u00e9nek el\u0151seg\u00edt\u00e9se. Az Alap\u00edtv\u00e1ny c\u00e9lj\u00e1nak tekinti az emberbar\u00e1ti seg\u00edts\u00e9get, t\u00e1mogat\u00e1st; olyan els\u0151sorban id\u0151s szem\u00e9lyek vagy csal\u00e1dok \u2013 lehet\u0151s\u00e9g szerinti \u2013 megseg\u00edt\u00e9s\u00e9t, akik \u00f6nhib\u00e1jukon k\u00edv\u00fcl a legalapvet\u0151bb emberi l\u00e9tfelt\u00e9telekhez sem jutottak sz\u00fcks\u00e9gleteiknek megfelel\u0151 m\u00e9rt\u00e9kben.<\/p>\n<p style=\"text-align: justify;\">Az Alap\u00edtv\u00e1ny figyelemmel k\u00eds\u00e9ri \u00e9s t\u00e1mogatja \u2013 lehet\u0151s\u00e9g szerint \u2013 azokat, akik valamilyen okn\u00e1l fogva r\u00e1szorultak, h\u00e1tr\u00e1nyos helyzet\u0171ek: id\u0151skor\u00faak, mozg\u00e1skorl\u00e1tozottak, s\u00falyos betegs\u00e9gben szenved\u0151k.<\/p>\n<p>Az Alap\u00edtv\u00e1nykezel\u0151 szerve a Kurat\u00f3rium.<\/p>\n<p style=\"text-align: center;\"><strong>Sz\u00edvesen fogadjuk az adom\u00e1nyokat, az AD\u00d3 1%-\u00e1t.<\/strong><\/p>\n<p style=\"text-align: justify;\">Id\u0151s ell\u00e1tottainknak k\u00e9nyelmi eszk\u00f6z\u00f6ket f\u00fcrdet\u0151 kocsit, telev\u00edzi\u00f3t, v\u00e1s\u00e1roltunk. Sz\u00e1mos rendezv\u00e9nyen val\u00f3 r\u00e9szv\u00e9tel bel\u00e9p\u0151j\u00e9t, sz\u00f3rakoztat\u00f3 m\u0171sorok megszervez\u00e9s\u00e9t biztos\u00edtottuk eddigi bev\u00e9teleinkb\u0151l. Id\u0151sek Vil\u00e1gnapja alkalm\u00e1b\u00f3l rendszeresen sz\u00ednvonalas sz\u00f3rakoztat\u00f3 m\u0171sort szervez\u00fcnk az Int\u00e9zm\u00e9ny ell\u00e1tottainak r\u00e9sz\u00e9re.<\/p>\n<p style=\"text-align: center;\">K\u00e9rem, t\u00e1mogassa Alap\u00edtv\u00e1nyunkat az AD\u00d3 1%-\u00e1val, befizet\u00e9seivel!<\/p>\n<p style=\"text-align: center;\"><strong>Az Alap\u00edtv\u00e1ny ad\u00f3sz\u00e1ma: 18301203-1-02<\/strong><\/p>\n<p style=\"text-align: center;\"><strong>Az Alap\u00edtv\u00e1ny sz\u00e1mlasz\u00e1ma: 11731001-20124496-00000000<\/strong><\/p>\n<p style=\"text-align: center;\"><strong>Telephely: 7626 P\u00e9cs T\u00fcz\u00e9r utca 7<\/strong><\/p>\n<p style=\"text-align: justify;\">A <strong>\u201eTegy\u00fcnk az Id\u0151sek\u00e9rt\u201d<\/strong> alap\u00edtv\u00e1ny a T\u00fcz\u00e9r utcai telephely, bentlak\u00e1sos Id\u0151sek Otthon, lak\u00f3inak \u00e9letk\u00f6r\u00fclm\u00e9nyeit, a gondoz\u00e1s t\u00e1rgyi felt\u00e9teleinek jav\u00edt\u00e1s\u00e1t, az otthon infrastrukt\u00far\u00e1j\u00e1nak fejleszt\u00e9s\u00e9t, min\u0151s\u00e9gi ell\u00e1t\u00e1s sz\u00ednvonalunk emel\u00e9s\u00e9t biztos\u00edtja \u00a0bev\u00e9teleib\u0151l.<\/p>\n<p style=\"text-align: justify;\">Az Alap\u00edtv\u00e1ny egy adott c\u00e9l el\u00e9r\u00e9s\u00e9t szolg\u00e1l\u00f3 tev\u00e9kenys\u00e9ge: eg\u00e9szs\u00e9gmeg\u0151rz\u00e9s, betegs\u00e9gmegel\u0151z\u00e9s, gy\u00f3gy\u00edt\u00f3-eg\u00e9szs\u00e9g\u00fcgyi rehabilit\u00e1ci\u00f3s tev\u00e9kenys\u00e9g, szoci\u00e1lis tev\u00e9kenys\u00e9g, csal\u00e1dseg\u00edt\u00e9s, id\u0151skor\u00faak gondoz\u00e1sa.<\/p>\n<p style=\"text-align: justify;\"><strong><u>Alap\u00edtv\u00e1ny neve:<\/u><\/strong>\u00a0\u00a0\u00a0\u00a0\u00a0\u00a0\u00a0\u00a0\u00a0\u00a0\u00a0\u00a0\u00a0\u00a0\u00a0\u00a0 \u201eTEGY\u00dcNK AZ ID\u0150SEK\u00c9RT\u201d\u00a0 Alap\u00edtv\u00e1ny<\/p>\n<p style=\"text-align: center;\"><strong><u>Az alap\u00edtv\u00e1ny sz\u00e9khelye:<\/u><\/strong>\u00a0\u00a0\u00a0 7623 P\u00e9cs, T\u00fcz\u00e9r utca 7.<\/p>\n<p style=\"text-align: center;\"><strong><u>Ad\u00f3sz\u00e1munk:<\/u><\/strong><strong>\u00a0\u00a0\u00a0\u00a0\u00a0\u00a0\u00a0\u00a0\u00a0\u00a0\u00a0\u00a0\u00a0\u00a0\u00a0\u00a0\u00a0\u00a0\u00a0\u00a0\u00a0\u00a0 18309160-1-02<\/strong><\/p>\n<p style=\"text-align: center;\"><strong>\u00a0<\/strong><strong><u>Banksz\u00e1mlasz\u00e1munk<\/u><\/strong><strong>:\u00a0\u00a0\u00a0\u00a0\u00a0\u00a0\u00a0\u00a0 11992000-02512198 (ERSTE Bank)<\/strong><\/p>\n<p style=\"text-align: center;\">K\u00e9rj\u00fck, hogy ad\u00f3ja 1%-\u00e1val seg\u00edtse c\u00e9ljainak megval\u00f3s\u00edt\u00e1s\u00e1ban az Alap\u00edtv\u00e1nyt.<\/p>\n<p style=\"text-align: center;\">Seg\u00edt\u0151 t\u00e1mogat\u00e1s\u00e1t el\u0151re is k\u00f6sz\u00f6ni az Alap\u00edtv\u00e1ny Kurat\u00f3riuma.<\/p>\n","protected":false},"excerpt":{"rendered":"<p>Int\u00e9zm\u00e9ny\u00fcnk munk\u00e1j\u00e1t, szolg\u00e1ltat\u00e1sainkat, 2 Alap\u00edtv\u00e1ny m\u0171k\u00f6d\u00e9se seg\u00edti, mint a sz\u00e9khelyen, mint a telephelyen. Sz\u00e9khely: 7633 P\u00e9cs Zipernowsky K.u.1. Az Alap\u00edtv\u00e1ny neve:\u00a0\u00a0\u00a0\u00a0\u00a0\u00a0\u00a0\u00a0\u00a0\u00a0\u00a0\u00a0\u00a0\u00a0\u00a0 Szoci\u00e1lis [&hellip;]<\/p>\n","protected":false},"author":1,"featured_media":0,"parent":0,"menu_order":7,"comment_status":"closed","ping_status":"closed","template":"","meta":[],"_links":{"self":[{"href":"http:\/\/iszipecs.hu\/wpiszipecs\/index.php?rest_route=\/wp\/v2\/pages\/13"}],"collection":[{"href":"http:\/\/iszipecs.hu\/wpiszipecs\/index.php?rest_route=\/wp\/v2\/pages"}],"about":[{"href":"http:\/\/iszipecs.hu\/wpiszipecs\/index.php?rest_route=\/wp\/v2\/types\/page"}],"author":[{"embeddable":true,"href":"http:\/\/iszipecs.hu\/wpiszipecs\/index.php?rest_route=\/wp\/v2\/users\/1"}],"replies":[{"embeddable":true,"href":"http:\/\/iszipecs.hu\/wpiszipecs\/index.php?rest_route=%2Fwp%2Fv2%2Fcomments&post=13"}],"version-history":[{"count":10,"href":"http:\/\/iszipecs.hu\/wpiszipecs\/index.php?rest_route=\/wp\/v2\/pages\/13\/revisions"}],"predecessor-version":[{"id":1080,"href":"http:\/\/iszipecs.hu\/wpiszipecs\/index.php?rest_route=\/wp\/v2\/pages\/13\/revisions\/1080"}],"wp:attachment":[{"href":"http:\/\/iszipecs.hu\/wpiszipecs\/index.php?rest_route=%2Fwp%2Fv2%2Fmedia&parent=13"}],"curies":[{"name":"wp","href":"https:\/\/api.w.org\/{rel}","templated":true}]}}

Alapítvány

<h1 style="text-align: center;"><img decoding="async" loading="lazy" class="alignnone wp-image-570 size-medium" src="http://iszipecs.hu/wpiszipecs/wp-content/uploads/2018/01/Névtelen-300x181.png" alt="" width="300" height="181" srcset="http://iszipecs.hu/wpiszipecs/wp-content/uploads/2018/01/Névtelen-300x181.png 300w, http://iszipecs.hu/wpiszipecs/wp-content/uploads/2018/01/Névtelen-550x332.png 550w, http://iszipecs.hu/wpiszipecs/wp-content/uploads/2018/01/Névtelen-230x139.png 230w, http://iszipecs.hu/wpiszipecs/wp-content/uploads/2018/01/Névtelen.png 748w" sizes="(max-width: 300px) 100vw, 300px" /></h1>
<p><strong>Intézményünk munkáját, szolgáltatásainkat, 2 Alapítvány működése segíti, mint a székhelyen, mint a telephelyen.</strong></p>
<p style="text-align: center;"><strong>Székhely: 7633 Pécs Zipernowsky K.u.1.</strong></p>
<p><strong>Az Alapítvány neve:</strong>                Szociális Gondozásért Alapítvány</p>
<p><strong>Az Alapítvány székhelye:</strong>        7633, Pécs Zipernowsky K.u.1.</p>
<p style="text-align: justify;"><strong> </strong><strong>Az Alapítvány jogi személyisége:</strong> Az Alapítvány jogi személy. Az Alapítványt a Baranya Megyei Bíróság Pk.20.988/1992/4. számú végzésével 445 sorszám alatt vette a bírósági nyilvántartásba.</p>
<p style="text-align: justify;"><strong> </strong><strong>Az Alapítvány célja:</strong></p>
<p style="text-align: justify;">Az Alapítvány elsődleges célja az intézeti szociális ellátás és a területi szociális gondozás eszközrendszerének bővítése, a korszerű ápoláshoz szükséges eszközök, anyagok beszerzésének elősegítése. Az Alapítvány céljának tekinti az emberbaráti segítséget, támogatást; olyan elsősorban idős személyek vagy családok – lehetőség szerinti – megsegítését, akik önhibájukon kívül a legalapvetőbb emberi létfeltételekhez sem jutottak szükségleteiknek megfelelő mértékben.</p>
<p style="text-align: justify;">Az Alapítvány figyelemmel kíséri és támogatja – lehetőség szerint – azokat, akik valamilyen oknál fogva rászorultak, hátrányos helyzetűek: időskorúak, mozgáskorlátozottak, súlyos betegségben szenvedők.</p>
<p>Az Alapítványkezelő szerve a Kuratórium.</p>
<p style="text-align: center;"><strong>Szívesen fogadjuk az adományokat, az ADÓ 1%-át.</strong></p>
<p style="text-align: justify;">Idős ellátottainknak kényelmi eszközöket fürdető kocsit, televíziót, vásároltunk. Számos rendezvényen való részvétel belépőjét, szórakoztató műsorok megszervezését biztosítottuk eddigi bevételeinkből. Idősek Világnapja alkalmából rendszeresen színvonalas szórakoztató műsort szervezünk az Intézmény ellátottainak részére.</p>
<p style="text-align: center;">Kérem, támogassa Alapítványunkat az ADÓ 1%-ával, befizetéseivel!</p>
<p style="text-align: center;"><strong>Az Alapítvány adószáma: 18301203-1-02</strong></p>
<p style="text-align: center;"><strong>Az Alapítvány számlaszáma: 11731001-20124496-00000000</strong></p>
<p style="text-align: center;"><strong>Telephely: 7626 Pécs Tüzér utca 7</strong></p>
<p style="text-align: justify;">A <strong>„Tegyünk az Idősekért”</strong> alapítvány a Tüzér utcai telephely, bentlakásos Idősek Otthon, lakóinak életkörülményeit, a gondozás tárgyi feltételeinek javítását, az otthon infrastruktúrájának fejlesztését, minőségi ellátás színvonalunk emelését biztosítja  bevételeiből.</p>
<p style="text-align: justify;">Az Alapítvány egy adott cél elérését szolgáló tevékenysége: egészségmegőrzés, betegségmegelőzés, gyógyító-egészségügyi rehabilitációs tevékenység, szociális tevékenység, családsegítés, időskorúak gondozása.</p>
<p style="text-align: justify;"><strong><u>Alapítvány neve:</u></strong>                 „TEGYÜNK AZ IDŐSEKÉRT”  Alapítvány</p>
<p style="text-align: center;"><strong><u>Az alapítvány székhelye:</u></strong>    7623 Pécs, Tüzér utca 7.</p>
<p style="text-align: center;"><strong><u>Adószámunk:</u></strong><strong>                       18309160-1-02</strong></p>
<p style="text-align: center;"><strong> </strong><strong><u>Bankszámlaszámunk</u></strong><strong>:         11992000-02512198 (ERSTE Bank)</strong></p>
<p style="text-align: center;">Kérjük, hogy adója 1%-ával segítse céljainak megvalósításában az Alapítványt.</p>
<p style="text-align: center;">Segítő támogatását előre is köszöni az Alapítvány Kuratóriuma.</p>

<p>Intézményünk munkáját, szolgáltatásainkat, 2 Alapítvány működése segíti, mint a székhelyen, mint a telephelyen. Székhely: 7633 Pécs Zipernowsky K.u.1. Az Alapítvány neve:                Szociális [&hellip;]</p>
