{"id":2,"date":"2015-07-14T06:34:55","date_gmt":"2015-07-14T06:34:55","guid":{"rendered":"http:\/\/iszipecs.hu\/wpiszipecs\/?page_id=2"},"modified":"2025-10-08T06:07:48","modified_gmt":"2025-10-08T06:07:48","slug":"ez-egy-minta-oldal","status":"publish","type":"page","link":"http:\/\/iszipecs.hu\/wpiszipecs\/?page_id=2","title":{"rendered":"R\u00f3lunk"},"content":{"rendered":"<p style=\"text-align: justify;\"><strong>Int\u00e9zm\u00e9ny\u00fcnk ell\u00e1t\u00e1si ter\u00fclete:<\/strong> P\u00e9cs Megyei Jog\u00fa V\u00e1ros K\u00f6zigazgat\u00e1si ter\u00fclete.<\/p>\n<p style=\"text-align: justify;\">Int\u00e9zm\u00e9ny\u00fcnk \u00f6n\u00e1ll\u00f3 jogi szem\u00e9lyk\u00e9nt m\u0171k\u00f6d\u0151, gazd\u00e1lkod\u00e1s\u00e1t tekintve r\u00e9szben \u00f6n\u00e1ll\u00f3an gazd\u00e1lkod\u00f3, az el\u0151ir\u00e1nyzatok feletti rendelkez\u00e9si jogosults\u00e1g szempontj\u00e1b\u00f3l r\u00e9szjogk\u00f6rrel rendelkez\u0151 k\u00f6lts\u00e9gvet\u00e9si int\u00e9zm\u00e9ny, mely egy\u00fcttm\u0171k\u00f6d\u00e9si meg\u00e1llapod\u00e1st k\u00f6t\u00f6tt a 7621, P\u00e9cs, Bercs\u00e9nyi u. 3. sz\u00e1m alatt m\u0171k\u00f6d\u0151 P\u00e9csi Ell\u00e1t\u00f3 K\u00f6zponttal. V\u00e1llalkoz\u00e1si tev\u00e9kenys\u00e9get nem v\u00e9gz\u00fcnk.<\/p>\n<p style=\"text-align: justify;\"><strong>Int\u00e9zm\u00e9ny sz\u00e9khelye:<\/strong> 7633 P\u00e9cs, Zipernowsky K.u.1.<\/p>\n<p style=\"text-align: justify;\"><strong>Int\u00e9zm\u00e9ny neve<\/strong>: P\u00e9cs Megyei Jog\u00fa V\u00e1ros \u00d6nkorm\u00e1nyzata Id\u0151skor\u00faak Szoci\u00e1lis Int\u00e9zm\u00e9nye<\/p>\n<p style=\"text-align: justify;\"><strong>E-mail c\u00edme: zipernovszky@gmail.com<\/strong><\/p>\n<p style=\"text-align: left;\"><strong>Int\u00e9zm\u00e9ny vezet\u0151je: Vene-Hal\u00e1sz Rita<\/strong><\/p>\n<p style=\"text-align: justify;\"><strong>M\u0171k\u00f6d\u00e9si enged\u00e9ly kelte, jellege:<\/strong> 2012.05.15. &#8211; hat\u00e1rozatlan idej\u0171<\/p>\n<p style=\"text-align: justify;\"><strong>Az int\u00e9zm\u00e9nyben biztos\u00edtott ell\u00e1t\u00e1si form\u00e1k:<\/strong><\/p>\n<ul>\n<li style=\"text-align: justify;\">Id\u0151skor\u00faak tart\u00f3s bentlak\u00e1sos otthona<\/li>\n<\/ul>\n<p style=\"text-align: justify;\"><strong>Telephelye:<\/strong> 7623 P\u00e9cs, T\u00fcz\u00e9r utca 7.<\/p>\n<p style=\"text-align: justify;\"><strong>M\u0171k\u00f6d\u00e9si enged\u00e9ly:<\/strong> 2023.12.31. hat\u00e1rozatlan idej\u0171<\/p>\n<p style=\"text-align: justify;\"><strong>Az int\u00e9zm\u00e9nyben biztos\u00edtott ell\u00e1t\u00e1si forma:<\/strong> Id\u0151sek otthona \u00e1pol\u00e1st-gondoz\u00e1st ny\u00fajt\u00f3 tart\u00f3s bentlak\u00e1sos int\u00e9zm\u00e9ny<\/p>\n<p style=\"text-align: justify;\">Zipernowsky K u &#8211; 17 f\u0151<\/p>\n<p style=\"text-align: justify;\">T\u00fcz\u00e9r u &#8211;\u00a0 \u00a0 \u00a0 \u00a0 \u00a0 \u00a0 \u00a0 \u00a0 50 f\u0151 r\u00e9sz\u00e9re.<\/p>\n<p style=\"text-align: justify;\">Munkat\u00e1rsaink j\u00f3l k\u00e9pzett szoci\u00e1lis szakemberek, akik m\u00e1r hosszabb ideje dolgoznak ezen a ter\u00fcleten az ell\u00e1t\u00e1st ig\u00e9nyl\u0151k megel\u00e9ged\u00e9s\u00e9re. A magas sz\u00ednvonal\u00fa munk\u00e1t a vezet\u0151k szakmai felk\u00e9sz\u00fclts\u00e9ge \u00e9s a hivat\u00e1s ir\u00e1nti elk\u00f6telezetts\u00e9ge garant\u00e1lja.<\/p>\n<p style=\"text-align: justify;\">Biztosak vagyunk abban, hogy fontos \u00d6nnek, hogy ell\u00e1t\u00e1s\u00e1r\u00f3l olyan szakmai k\u00f6z\u00f6ss\u00e9g gondoskodjon, amely az \u00d6n lak\u00f3helye k\u00f6zel\u00e9ben van, b\u00e1rmikor el\u00e9rhet\u0151 \u00e9s gondoskodik az \u00d6n sz\u00fcks\u00e9gleteir\u0151l.<\/p>\n<p style=\"text-align: justify;\">K\u00e9rj\u00fck amennyiben seg\u00edteni tudunk, keressen benn\u00fcnket b\u00e1tran \u00e9s bizalommal.<\/p>\n<p style=\"text-align: justify;\"><strong>\u00a0<\/strong><\/p>\n","protected":false},"excerpt":{"rendered":"<p>Int\u00e9zm\u00e9ny\u00fcnk ell\u00e1t\u00e1si ter\u00fclete: P\u00e9cs Megyei Jog\u00fa V\u00e1ros K\u00f6zigazgat\u00e1si ter\u00fclete. Int\u00e9zm\u00e9ny\u00fcnk \u00f6n\u00e1ll\u00f3 jogi szem\u00e9lyk\u00e9nt m\u0171k\u00f6d\u0151, gazd\u00e1lkod\u00e1s\u00e1t tekintve r\u00e9szben \u00f6n\u00e1ll\u00f3an gazd\u00e1lkod\u00f3, az el\u0151ir\u00e1nyzatok feletti [&hellip;]<\/p>\n","protected":false},"author":1,"featured_media":0,"parent":0,"menu_order":1,"comment_status":"closed","ping_status":"closed","template":"","meta":[],"_links":{"self":[{"href":"http:\/\/iszipecs.hu\/wpiszipecs\/index.php?rest_route=\/wp\/v2\/pages\/2"}],"collection":[{"href":"http:\/\/iszipecs.hu\/wpiszipecs\/index.php?rest_route=\/wp\/v2\/pages"}],"about":[{"href":"http:\/\/iszipecs.hu\/wpiszipecs\/index.php?rest_route=\/wp\/v2\/types\/page"}],"author":[{"embeddable":true,"href":"http:\/\/iszipecs.hu\/wpiszipecs\/index.php?rest_route=\/wp\/v2\/users\/1"}],"replies":[{"embeddable":true,"href":"http:\/\/iszipecs.hu\/wpiszipecs\/index.php?rest_route=%2Fwp%2Fv2%2Fcomments&post=2"}],"version-history":[{"count":36,"href":"http:\/\/iszipecs.hu\/wpiszipecs\/index.php?rest_route=\/wp\/v2\/pages\/2\/revisions"}],"predecessor-version":[{"id":1310,"href":"http:\/\/iszipecs.hu\/wpiszipecs\/index.php?rest_route=\/wp\/v2\/pages\/2\/revisions\/1310"}],"wp:attachment":[{"href":"http:\/\/iszipecs.hu\/wpiszipecs\/index.php?rest_route=%2Fwp%2Fv2%2Fmedia&parent=2"}],"curies":[{"name":"wp","href":"https:\/\/api.w.org\/{rel}","templated":true}]}}

Rólunk

<p style="text-align: justify;"><strong>Intézményünk ellátási területe:</strong> Pécs Megyei Jogú Város Közigazgatási területe.</p>
<p style="text-align: justify;">Intézményünk önálló jogi személyként működő, gazdálkodását tekintve részben önállóan gazdálkodó, az előirányzatok feletti rendelkezési jogosultság szempontjából részjogkörrel rendelkező költségvetési intézmény, mely együttműködési megállapodást kötött a 7621, Pécs, Bercsényi u. 3. szám alatt működő Pécsi Ellátó Központtal. Vállalkozási tevékenységet nem végzünk.</p>
<p style="text-align: justify;"><strong>Intézmény székhelye:</strong> 7633 Pécs, Zipernowsky K.u.1.</p>
<p style="text-align: justify;"><strong>Intézmény neve</strong>: Pécs Megyei Jogú Város Önkormányzata Időskorúak Szociális Intézménye</p>
<p style="text-align: justify;"><strong>E-mail címe: zipernovszky@gmail.com</strong></p>
<p style="text-align: left;"><strong>Intézmény vezetője: Vene-Halász Rita</strong></p>
<p style="text-align: justify;"><strong>Működési engedély kelte, jellege:</strong> 2012.05.15. &#8211; határozatlan idejű</p>
<p style="text-align: justify;"><strong>Az intézményben biztosított ellátási formák:</strong></p>
<ul>
<li style="text-align: justify;">Időskorúak tartós bentlakásos otthona</li>
</ul>
<p style="text-align: justify;"><strong>Telephelye:</strong> 7623 Pécs, Tüzér utca 7.</p>
<p style="text-align: justify;"><strong>Működési engedély:</strong> 2023.12.31. határozatlan idejű</p>
<p style="text-align: justify;"><strong>Az intézményben biztosított ellátási forma:</strong> Idősek otthona ápolást-gondozást nyújtó tartós bentlakásos intézmény</p>
<p style="text-align: justify;">Zipernowsky K u &#8211; 17 fő</p>
<p style="text-align: justify;">Tüzér u &#8211;                50 fő részére.</p>
<p style="text-align: justify;">Munkatársaink jól képzett szociális szakemberek, akik már hosszabb ideje dolgoznak ezen a területen az ellátást igénylők megelégedésére. A magas színvonalú munkát a vezetők szakmai felkészültsége és a hivatás iránti elkötelezettsége garantálja.</p>
<p style="text-align: justify;">Biztosak vagyunk abban, hogy fontos Önnek, hogy ellátásáról olyan szakmai közösség gondoskodjon, amely az Ön lakóhelye közelében van, bármikor elérhető és gondoskodik az Ön szükségleteiről.</p>
<p style="text-align: justify;">Kérjük amennyiben segíteni tudunk, keressen bennünket bátran és bizalommal.</p>
<p style="text-align: justify;"><strong> </strong></p>

<p>Intézményünk ellátási területe: Pécs Megyei Jogú Város Közigazgatási területe. Intézményünk önálló jogi személyként működő, gazdálkodását tekintve részben önállóan gazdálkodó, az előirányzatok feletti [&hellip;]</p>
