{"id":454,"date":"2017-09-28T06:33:09","date_gmt":"2017-09-28T06:33:09","guid":{"rendered":"http:\/\/iszipecs.hu\/wpiszipecs\/?page_id=454"},"modified":"2025-08-07T10:05:34","modified_gmt":"2025-08-07T10:05:34","slug":"intezmenyeink","status":"publish","type":"page","link":"http:\/\/iszipecs.hu\/wpiszipecs\/?page_id=454","title":{"rendered":"Int\u00e9zm\u00e9nyeink"},"content":{"rendered":"<p style=\"text-align: center;\">T\u00fcz\u00e9r u. 7 &#8211; id\u0151sek otthona<\/p>\n<p style=\"text-align: center;\"><a href=\"http:\/\/iszipecs.hu\/wpiszipecs\/wp-content\/uploads\/2025\/08\/Tuzer-3.png\"><img decoding=\"async\" loading=\"lazy\" class=\"size-medium wp-image-1283 aligncenter\" src=\"http:\/\/iszipecs.hu\/wpiszipecs\/wp-content\/uploads\/2025\/08\/Tuzer-3-300x126.png\" alt=\"\" width=\"300\" height=\"126\" srcset=\"http:\/\/iszipecs.hu\/wpiszipecs\/wp-content\/uploads\/2025\/08\/Tuzer-3-300x126.png 300w, http:\/\/iszipecs.hu\/wpiszipecs\/wp-content\/uploads\/2025\/08\/Tuzer-3-1024x429.png 1024w, http:\/\/iszipecs.hu\/wpiszipecs\/wp-content\/uploads\/2025\/08\/Tuzer-3-768x322.png 768w, http:\/\/iszipecs.hu\/wpiszipecs\/wp-content\/uploads\/2025\/08\/Tuzer-3-1000x419.png 1000w, http:\/\/iszipecs.hu\/wpiszipecs\/wp-content\/uploads\/2025\/08\/Tuzer-3-230x96.png 230w, http:\/\/iszipecs.hu\/wpiszipecs\/wp-content\/uploads\/2025\/08\/Tuzer-3-350x147.png 350w, http:\/\/iszipecs.hu\/wpiszipecs\/wp-content\/uploads\/2025\/08\/Tuzer-3-480x201.png 480w, http:\/\/iszipecs.hu\/wpiszipecs\/wp-content\/uploads\/2025\/08\/Tuzer-3.png 1327w\" sizes=\"(max-width: 300px) 100vw, 300px\" \/><\/a><\/p>\n<p><a href=\"http:\/\/iszipecs.hu\/wpiszipecs\/wp-content\/uploads\/2017\/09\/20150812_101709.jpg\"><img decoding=\"async\" loading=\"lazy\" class=\"aligncenter wp-image-447 size-medium\" src=\"http:\/\/iszipecs.hu\/wpiszipecs\/wp-content\/uploads\/2017\/09\/20150812_101709-300x180.jpg\" alt=\"T\u00fcz\u00e9r u. 7 - V\u00e9gleges elhelyez\u00e9s\" width=\"300\" height=\"180\" srcset=\"http:\/\/iszipecs.hu\/wpiszipecs\/wp-content\/uploads\/2017\/09\/20150812_101709-300x180.jpg 300w, http:\/\/iszipecs.hu\/wpiszipecs\/wp-content\/uploads\/2017\/09\/20150812_101709-1024x614.jpg 1024w, http:\/\/iszipecs.hu\/wpiszipecs\/wp-content\/uploads\/2017\/09\/20150812_101709-830x498.jpg 830w, http:\/\/iszipecs.hu\/wpiszipecs\/wp-content\/uploads\/2017\/09\/20150812_101709-550x330.jpg 550w, http:\/\/iszipecs.hu\/wpiszipecs\/wp-content\/uploads\/2017\/09\/20150812_101709-230x138.jpg 230w\" sizes=\"(max-width: 300px) 100vw, 300px\" \/><\/a><\/p>\n<p style=\"text-align: center;\">Zipernowsky K. u. 1 &#8211; id\u0151sek otthona<\/p>\n<p><a href=\"http:\/\/iszipecs.hu\/wpiszipecs\/wp-content\/uploads\/2025\/08\/Zipi3.png\"><img decoding=\"async\" loading=\"lazy\" class=\"size-medium wp-image-1284 aligncenter\" src=\"http:\/\/iszipecs.hu\/wpiszipecs\/wp-content\/uploads\/2025\/08\/Zipi3-300x144.png\" alt=\"\" width=\"300\" height=\"144\" srcset=\"http:\/\/iszipecs.hu\/wpiszipecs\/wp-content\/uploads\/2025\/08\/Zipi3-300x144.png 300w, http:\/\/iszipecs.hu\/wpiszipecs\/wp-content\/uploads\/2025\/08\/Zipi3-1024x492.png 1024w, http:\/\/iszipecs.hu\/wpiszipecs\/wp-content\/uploads\/2025\/08\/Zipi3-768x369.png 768w, http:\/\/iszipecs.hu\/wpiszipecs\/wp-content\/uploads\/2025\/08\/Zipi3-1000x481.png 1000w, http:\/\/iszipecs.hu\/wpiszipecs\/wp-content\/uploads\/2025\/08\/Zipi3-230x111.png 230w, http:\/\/iszipecs.hu\/wpiszipecs\/wp-content\/uploads\/2025\/08\/Zipi3-350x168.png 350w, http:\/\/iszipecs.hu\/wpiszipecs\/wp-content\/uploads\/2025\/08\/Zipi3-480x231.png 480w, http:\/\/iszipecs.hu\/wpiszipecs\/wp-content\/uploads\/2025\/08\/Zipi3.png 1294w\" sizes=\"(max-width: 300px) 100vw, 300px\" \/><\/a><\/p>\n<p style=\"text-align: center;\"><a href=\"http:\/\/iszipecs.hu\/wpiszipecs\/wp-content\/uploads\/2015\/07\/\u00c1tmeneti-otthon-folyos\u00f3.jpg\"><img decoding=\"async\" loading=\"lazy\" class=\"alignnone wp-image-231 size-medium\" src=\"http:\/\/iszipecs.hu\/wpiszipecs\/wp-content\/uploads\/2015\/07\/\u00c1tmeneti-otthon-folyos\u00f3-300x169.jpg\" alt=\"Zipernowsky K. u. 1 -\u00a0V\u00e9gleges elhelyez\u00e9s - \u00c1tmeneti otthon folyos\u00f3\" width=\"300\" height=\"169\" srcset=\"http:\/\/iszipecs.hu\/wpiszipecs\/wp-content\/uploads\/2015\/07\/\u00c1tmeneti-otthon-folyos\u00f3-300x169.jpg 300w, http:\/\/iszipecs.hu\/wpiszipecs\/wp-content\/uploads\/2015\/07\/\u00c1tmeneti-otthon-folyos\u00f3-1024x576.jpg 1024w, http:\/\/iszipecs.hu\/wpiszipecs\/wp-content\/uploads\/2015\/07\/\u00c1tmeneti-otthon-folyos\u00f3-830x467.jpg 830w, http:\/\/iszipecs.hu\/wpiszipecs\/wp-content\/uploads\/2015\/07\/\u00c1tmeneti-otthon-folyos\u00f3-550x309.jpg 550w, http:\/\/iszipecs.hu\/wpiszipecs\/wp-content\/uploads\/2015\/07\/\u00c1tmeneti-otthon-folyos\u00f3-230x129.jpg 230w\" sizes=\"(max-width: 300px) 100vw, 300px\" \/><\/a><\/p>\n<p style=\"text-align: center;\">\n<p style=\"text-align: center;\">\n","protected":false},"excerpt":{"rendered":"<p>T\u00fcz\u00e9r u. 7 &#8211; id\u0151sek otthona Zipernowsky K. u. 1 &#8211; id\u0151sek otthona<\/p>\n","protected":false},"author":1,"featured_media":0,"parent":8,"menu_order":0,"comment_status":"closed","ping_status":"closed","template":"","meta":[],"_links":{"self":[{"href":"http:\/\/iszipecs.hu\/wpiszipecs\/index.php?rest_route=\/wp\/v2\/pages\/454"}],"collection":[{"href":"http:\/\/iszipecs.hu\/wpiszipecs\/index.php?rest_route=\/wp\/v2\/pages"}],"about":[{"href":"http:\/\/iszipecs.hu\/wpiszipecs\/index.php?rest_route=\/wp\/v2\/types\/page"}],"author":[{"embeddable":true,"href":"http:\/\/iszipecs.hu\/wpiszipecs\/index.php?rest_route=\/wp\/v2\/users\/1"}],"replies":[{"embeddable":true,"href":"http:\/\/iszipecs.hu\/wpiszipecs\/index.php?rest_route=%2Fwp%2Fv2%2Fcomments&post=454"}],"version-history":[{"count":13,"href":"http:\/\/iszipecs.hu\/wpiszipecs\/index.php?rest_route=\/wp\/v2\/pages\/454\/revisions"}],"predecessor-version":[{"id":1287,"href":"http:\/\/iszipecs.hu\/wpiszipecs\/index.php?rest_route=\/wp\/v2\/pages\/454\/revisions\/1287"}],"up":[{"embeddable":true,"href":"http:\/\/iszipecs.hu\/wpiszipecs\/index.php?rest_route=\/wp\/v2\/pages\/8"}],"wp:attachment":[{"href":"http:\/\/iszipecs.hu\/wpiszipecs\/index.php?rest_route=%2Fwp%2Fv2%2Fmedia&parent=454"}],"curies":[{"name":"wp","href":"https:\/\/api.w.org\/{rel}","templated":true}]}}