{"id":506,"date":"2017-09-29T05:26:02","date_gmt":"2017-09-29T05:26:02","guid":{"rendered":"http:\/\/iszipecs.hu\/wpiszipecs\/?page_id=506"},"modified":"2023-01-04T09:46:48","modified_gmt":"2023-01-04T09:46:48","slug":"foglalkozasaink","status":"publish","type":"page","link":"http:\/\/iszipecs.hu\/wpiszipecs\/?page_id=506","title":{"rendered":"Foglalkoz\u00e1saink"},"content":{"rendered":"<ol>\n<li><strong>Alkot\u00f3m\u0171hely<\/strong><\/li>\n<\/ol>\n<p>Minden int\u00e9zm\u00e9ny\u00fcnkben hangs\u00falyt helyez\u00fcnk a foglalkoztat\u00e1si ter\u00e1pi\u00e1k k\u00f6z\u00fcl a kreat\u00edv, alkot\u00f3 ter\u00e1pi\u00e1ra. Lak\u00f3ink \u00f6r\u00f6mmel vesznek r\u00e9szt olyan tev\u00e9kenys\u00e9gekben, ahol saj\u00e1t, \u00f6n\u00e1ll\u00f3an elk\u00e9sz\u00edtett kre\u00e1ci\u00f3kat alkothatnak. K\u00f6z\u00f6ss\u00e9gteremt\u0151, csoportkoh\u00e9zi\u00f3t er\u0151s\u00edt\u0151 ereje mellett az elk\u00e9sz\u00fclt d\u00edszt\u00e1rgyakat felhaszn\u00e1ljuk, az int\u00e9zm\u00e9ny helyis\u00e9geit d\u00edsz\u00edtj\u00fck, id\u0151szakos ki\u00e1ll\u00edt\u00e1son bemutatjuk.<\/p>\n<ol start=\"2\">\n<li><strong>Demens foglalkoztat\u00e1s<\/strong><\/li>\n<\/ol>\n<p>A demens lak\u00f3k foglalkoztat\u00e1sa d\u00e9lel\u0151tt\u00f6nk\u00e9nt t\u00f6rt\u00e9nik. F\u0151 c\u00e9lja, a ment\u00e1lis \u00e1llapotroml\u00e1s k\u00e9sleltet\u00e9se, szinten tart\u00e1s, fejleszt\u00e9se.<\/p>\n<p>Feladatt\u00edpusok:<\/p>\n<p>\u00e9rz\u00e9kel\u00e9s, \u00e9szlel\u00e9s (percepci\u00f3) er\u0151s\u00edt\u00e9se (pl.: t\u00e1rgyak felismer\u00e9se tapint\u00e1ssal, kakukktoj\u00e1s keres\u00e9s, hall\u00e1s ut\u00e1ni sz\u00f3ism\u00e9tl\u00e9s, tornagyakorlatok, lufi t\u00e1nc stb.)<\/p>\n<p>kognit\u00edv ter\u00e1pi\u00e1s m\u00f3dszerek keret\u00e9ben v\u00e9gzett j\u00e1t\u00e9kos foglalkoz\u00e1sok (pl.: ir\u00e1ny\u00edtott besz\u00e9lget\u00e9sek, szellemi vet\u00e9lked\u0151k, logikai \u00e9s sz\u00e1mol\u00e1si k\u00e9pess\u00e9geket, \u00edr\u00e1sk\u00e9szs\u00e9get fejleszt\u0151\/szinten tart\u00f3 j\u00e1t\u00e9kok)<\/p>\n<p>mem\u00f3ria \u00e9s besz\u00e9dmegtart\u00e1st seg\u00edt\u0151 j\u00e1t\u00e9kok (asszoci\u00e1ci\u00f3s j\u00e1t\u00e9kok, sz\u00f3l\u00e1ncok, ellent\u00e9tes sz\u00f3p\u00e1rok keres\u00e9se, k\u00f6zmond\u00e1sok \u00e9s sz\u00f3l\u00e1sok, t\u00f6rt\u00e9netalkot\u00e1s stb.)<\/p>\n<p>magatart\u00e1sorient\u00e1ci\u00f3s gyakorlatok (relax\u00e1ci\u00f3, medit\u00e1ci\u00f3, snoezellen ter\u00e1pia, beats-m\u00f3dszer)<\/p>\n<p>rekre\u00e1ci\u00f3s tev\u00e9kenys\u00e9gek: (aktivity, keresztrejtv\u00e9ny, s\u00e9ta, kir\u00e1ndul\u00e1s, k\u00f6z\u00f6s \u00e9nekl\u00e9s, zenehallgat\u00e1s stb.)<\/p>\n<ol start=\"3\">\n<li><strong>Aktu\u00e1lis<\/strong><\/li>\n<\/ol>\n<p>A foglalkoztat\u00e1s c\u00e9lja a k\u00f6zvetlen k\u00f6rnyezet \u00e9s a nagyvil\u00e1gban aktu\u00e1lisan zajl\u00f3 esem\u00e9nyekr\u0151l t\u00e1j\u00e9koz\u00f3d\u00e1s, a v\u00e9lem\u00e9nynyilv\u00e1n\u00edt\u00e1s \u00e9s \u00e9rt\u00e9krend \u00fctk\u00f6z\u00e9s\u00e9nek vezet\u00e9se, k\u00f6z\u00f6ss\u00e9gi meg\u00e9l\u00e9se. Ismeretterjeszt\u0151 el\u0151ad\u00e1sokkal, olykor kisfilmekkel gazdag\u00edtva.<\/p>\n<ol start=\"4\">\n<li><strong>\u00dcnnepek<\/strong><\/li>\n<\/ol>\n<p>Id\u0151seink t\u00f6bbs\u00e9g\u00e9nek ez egyben egy otthont ny\u00fajt\u00f3 szolg\u00e1ltat\u00e1s, ez\u00e9rt k\u00fcl\u00f6n\u00f6sen fontos a hagyom\u00e1nyok, \u00fcnnepek megtart\u00e1sa. A kar\u00e1csony, h\u00fasv\u00e9t, p\u00fcnk\u00f6sd vagy ak\u00e1r a sz\u00fclet\u00e9snapok, n\u00e9vnapok k\u00f6z\u00f6s \u00fcnnepl\u00e9s\u00e9vel.<\/p>\n<ol start=\"5\">\n<li><strong>Torna &#8211; eg\u00e9szs\u00e9g fejleszt\u00e9s<\/strong><\/li>\n<\/ol>\n<p>Mi\u00e9rt j\u00f3 megold\u00e1s a testmozg\u00e1s? A testedz\u00e9s Id\u0151s korban is elhagyhatatlan, a rendszeres testmozg\u00e1s, testedz\u00e9s<\/p>\n<ul>\n<li>karbantartja az emberi testet;<\/li>\n<li>el\u0151h\u00edvja a j\u00f3 k\u00f6z\u00e9rzetet;<\/li>\n<li>fokozza a fizikai munkav\u00e9gz\u00e9s teljes\u00edt\u0151k\u00e9pess\u00e9g\u00e9t;<\/li>\n<li>er\u0151s\u00edti a sz\u00edvet \u00e9s az \u00e9rrendszert;<\/li>\n<li>seg\u00edti a szervezet alkalmazkod\u00e1si hat\u00e9konys\u00e1g\u00e1t;<\/li>\n<li>jav\u00edtja a t\u00fcd\u0151, a l\u00e9gz\u00e9s hat\u00e9konys\u00e1g\u00e1t;<\/li>\n<li>n\u00f6veli az izomt\u00f6meget \u00e9s az izomer\u0151t;<\/li>\n<li>cs\u00f6kkenti a zs\u00edrt\u00f6meget;<\/li>\n<li>n\u00f6veli a csonts\u0171r\u0171s\u00e9get.<\/li>\n<\/ul>\n<p>A rendszeres testedz\u00e9s, a sportol\u00e1s:\u00a0 szem\u00e9lyis\u00e9get form\u00e1l \u00e9s fejleszt!<\/p>\n<ol start=\"4\">\n<li><strong>Munkater\u00e1pia<\/strong><\/li>\n<\/ol>\n<p>Szocioter\u00e1pi\u00e1s foglalkoz\u00e1sok k\u00f6z\u00fcl int\u00e9zm\u00e9ny\u00fcnk a munkater\u00e1pi\u00e1t alkalmazza az ell\u00e1t\u00e1st ig\u00e9nybevev\u0151 \u00e9letkor\u00e1nak, eg\u00e9szs\u00e9gi \u00e1llapot\u00e1nak \u00e9s k\u00e9pess\u00e9geinek megfelel\u0151en megv\u00e1lasztva. Lehet\u0151s\u00e9g van kertrendez\u00e9sre, szalv\u00e9tahajtogat\u00e1sra, porta szolg\u00e1lat teljes\u00edt\u00e9s\u00e9re \u00e9s egy\u00e9b k\u00e9szs\u00e9geknek megfelel\u0151 munkav\u00e9gz\u00e9sre.<\/p>\n<p>A szocioter\u00e1pi\u00e1s foglalkoz\u00e1sok els\u0151dleges c\u00e9lja a t\u00e1rsadalmi jelens\u00e9gek, (munka, m\u0171v\u00e9szet, k\u00f6z\u00f6ss\u00e9g) gy\u00f3gy\u00edt\u00f3 fejleszt\u0151 felhaszn\u00e1l\u00e1sa. (szok\u00e1sok, k\u00e9pess\u00e9gek, fejleszt\u00e9se, meg\u0151rz\u00e9se, lelki m\u0171k\u00f6d\u00e9sek jav\u00edt\u00e1sa.<\/p>\n","protected":false},"excerpt":{"rendered":"<p>Alkot\u00f3m\u0171hely Minden int\u00e9zm\u00e9ny\u00fcnkben hangs\u00falyt helyez\u00fcnk a foglalkoztat\u00e1si ter\u00e1pi\u00e1k k\u00f6z\u00fcl a kreat\u00edv, alkot\u00f3 ter\u00e1pi\u00e1ra. Lak\u00f3ink \u00f6r\u00f6mmel vesznek r\u00e9szt olyan tev\u00e9kenys\u00e9gekben, ahol saj\u00e1t, \u00f6n\u00e1ll\u00f3an [&hellip;]<\/p>\n","protected":false},"author":1,"featured_media":0,"parent":34,"menu_order":0,"comment_status":"closed","ping_status":"closed","template":"","meta":[],"_links":{"self":[{"href":"http:\/\/iszipecs.hu\/wpiszipecs\/index.php?rest_route=\/wp\/v2\/pages\/506"}],"collection":[{"href":"http:\/\/iszipecs.hu\/wpiszipecs\/index.php?rest_route=\/wp\/v2\/pages"}],"about":[{"href":"http:\/\/iszipecs.hu\/wpiszipecs\/index.php?rest_route=\/wp\/v2\/types\/page"}],"author":[{"embeddable":true,"href":"http:\/\/iszipecs.hu\/wpiszipecs\/index.php?rest_route=\/wp\/v2\/users\/1"}],"replies":[{"embeddable":true,"href":"http:\/\/iszipecs.hu\/wpiszipecs\/index.php?rest_route=%2Fwp%2Fv2%2Fcomments&post=506"}],"version-history":[{"count":5,"href":"http:\/\/iszipecs.hu\/wpiszipecs\/index.php?rest_route=\/wp\/v2\/pages\/506\/revisions"}],"predecessor-version":[{"id":1063,"href":"http:\/\/iszipecs.hu\/wpiszipecs\/index.php?rest_route=\/wp\/v2\/pages\/506\/revisions\/1063"}],"up":[{"embeddable":true,"href":"http:\/\/iszipecs.hu\/wpiszipecs\/index.php?rest_route=\/wp\/v2\/pages\/34"}],"wp:attachment":[{"href":"http:\/\/iszipecs.hu\/wpiszipecs\/index.php?rest_route=%2Fwp%2Fv2%2Fmedia&parent=506"}],"curies":[{"name":"wp","href":"https:\/\/api.w.org\/{rel}","templated":true}]}}

Foglalkozásaink

<ol>
<li><strong>Alkotóműhely</strong></li>
</ol>
<p>Minden intézményünkben hangsúlyt helyezünk a foglalkoztatási terápiák közül a kreatív, alkotó terápiára. Lakóink örömmel vesznek részt olyan tevékenységekben, ahol saját, önállóan elkészített kreációkat alkothatnak. Közösségteremtő, csoportkohéziót erősítő ereje mellett az elkészült dísztárgyakat felhasználjuk, az intézmény helyiségeit díszítjük, időszakos kiállításon bemutatjuk.</p>
<ol start="2">
<li><strong>Demens foglalkoztatás</strong></li>
</ol>
<p>A demens lakók foglalkoztatása délelőttönként történik. Fő célja, a mentális állapotromlás késleltetése, szinten tartás, fejlesztése.</p>
<p>Feladattípusok:</p>
<p>érzékelés, észlelés (percepció) erősítése (pl.: tárgyak felismerése tapintással, kakukktojás keresés, hallás utáni szóismétlés, tornagyakorlatok, lufi tánc stb.)</p>
<p>kognitív terápiás módszerek keretében végzett játékos foglalkozások (pl.: irányított beszélgetések, szellemi vetélkedők, logikai és számolási képességeket, íráskészséget fejlesztő/szinten tartó játékok)</p>
<p>memória és beszédmegtartást segítő játékok (asszociációs játékok, szóláncok, ellentétes szópárok keresése, közmondások és szólások, történetalkotás stb.)</p>
<p>magatartásorientációs gyakorlatok (relaxáció, meditáció, snoezellen terápia, beats-módszer)</p>
<p>rekreációs tevékenységek: (aktivity, keresztrejtvény, séta, kirándulás, közös éneklés, zenehallgatás stb.)</p>
<ol start="3">
<li><strong>Aktuális</strong></li>
</ol>
<p>A foglalkoztatás célja a közvetlen környezet és a nagyvilágban aktuálisan zajló eseményekről tájékozódás, a véleménynyilvánítás és értékrend ütközésének vezetése, közösségi megélése. Ismeretterjesztő előadásokkal, olykor kisfilmekkel gazdagítva.</p>
<ol start="4">
<li><strong>Ünnepek</strong></li>
</ol>
<p>Időseink többségének ez egyben egy otthont nyújtó szolgáltatás, ezért különösen fontos a hagyományok, ünnepek megtartása. A karácsony, húsvét, pünkösd vagy akár a születésnapok, névnapok közös ünneplésével.</p>
<ol start="5">
<li><strong>Torna &#8211; egészség fejlesztés</strong></li>
</ol>
<p>Miért jó megoldás a testmozgás? A testedzés Idős korban is elhagyhatatlan, a rendszeres testmozgás, testedzés</p>
<ul>
<li>karbantartja az emberi testet;</li>
<li>előhívja a jó közérzetet;</li>
<li>fokozza a fizikai munkavégzés teljesítőképességét;</li>
<li>erősíti a szívet és az érrendszert;</li>
<li>segíti a szervezet alkalmazkodási hatékonyságát;</li>
<li>javítja a tüdő, a légzés hatékonyságát;</li>
<li>növeli az izomtömeget és az izomerőt;</li>
<li>csökkenti a zsírtömeget;</li>
<li>növeli a csontsűrűséget.</li>
</ul>
<p>A rendszeres testedzés, a sportolás:  személyiséget formál és fejleszt!</p>
<ol start="4">
<li><strong>Munkaterápia</strong></li>
</ol>
<p>Szocioterápiás foglalkozások közül intézményünk a munkaterápiát alkalmazza az ellátást igénybevevő életkorának, egészségi állapotának és képességeinek megfelelően megválasztva. Lehetőség van kertrendezésre, szalvétahajtogatásra, porta szolgálat teljesítésére és egyéb készségeknek megfelelő munkavégzésre.</p>
<p>A szocioterápiás foglalkozások elsődleges célja a társadalmi jelenségek, (munka, művészet, közösség) gyógyító fejlesztő felhasználása. (szokások, képességek, fejlesztése, megőrzése, lelki működések javítása.</p>

<p>Alkotóműhely Minden intézményünkben hangsúlyt helyezünk a foglalkoztatási terápiák közül a kreatív, alkotó terápiára. Lakóink örömmel vesznek részt olyan tevékenységekben, ahol saját, önállóan [&hellip;]</p>
